uate 23 - (-15 - -17) - 14.
7
Calculate (6 - 10) + -5 - (3 - (22 - -4)).
14
Calculate -212 + 210 + (-1 - -2 - -1) + 0.
0
Calculate -2 + 0 - (15 - 41 - -44).
-20
17 - (9 + 4 - -25)
-21
Calculate (3 - (0 - -1)) + (-399 - -388).
-9
What is the value of -1177 + 1149 - (0 - 12)?
-16
What is -160 - -149 - (-2 - -8)?
-17
What is the value of 55 - 100 - -53 - (-1 + 33)?
-24
Evaluate -20 - ((-53 - -52) + (1 - -1)).
-21
Evaluate -1 + (-14 - (-32 - -13)).
4
Evaluate 7 - (-8 - 3 - (39 - 46)).
11
Calculate -3 - ((34 - 9) + -53).
25
What is the value of -1 + -16 + -88 + 102?
-3
Calculate (-10 - -7) + -3 + (2 - (2 - 19)).
13
Calculate -23 + -13 + 24 + -8 + (0 - -1).
-19
Evaluate -9 - (-4 - (13 + (-10 - 3))).
-5
What is -8 - ((-3 + 2 - 1) + 6) - -6?
-6
Calculate (1 - (3 + -1)) + 177 + -84 + -96.
-4
What is the value of 17 + (29 - (21 - -5))?
20
(-8 - -18 - 3) + 3
10
Calculate 1 + -4 - (6 + 12 - (-74 + 87)).
-8
Evaluate (13 - 25 - -52) + -23.
17
Evaluate -12 - (-18 - -4 - -1).
1
Calculate (-18 - -2 - -2) + 0 + 31 + -40.
-23
What is the value of 9 - (4 + 60 + -29)?
-26
Calculate 2 + -8 + 23 + -16.
1
What is -1 + (-2 + 11 - (-3 - -6)) + 6?
11
Calculate (-17 - (15 - (-15 + 33))) + 14.
0
What is 1 - (19 + (-47 - -17))?
12
Evaluate -23 - (5 - (9 + 6)).
-13
What is the value of 7 - (39 + -18 + (8 - (8 + -10)))?
-24
What is the value of -18 - -64 - 34 - (0 + 9)?
3
Evaluate 7 + 1 + 6 + (-14 + -2 - -7).
5
Calculate 13 - (10 + (-12 - -13)).
2
What is -6 + 0 - (-16 + -7 + 5 - -5)?
7
What is the value of -9 + -7 + 4 + 13 + -8 + 16?
9
Evaluate 13 + 1 - 5 - (3 - (-3 - -7)).
10
Calculate 1714 + -1709 - (17 + 0).
-12
Evaluate 2 + (-19 - -23) + 4.
10
6 - (-16 + 5 + 5)
12
12 - (-4 + 1) - (-13 + 10)
18
What is the value of -7 - ((10 - (20 + -9)) + -2 + -9)?
5
What is the value of 0 + 10 - (243 - 231)?
-2
Evaluate -13 + 13 - (0 + 1).
-1
Evaluate 13 - (-1 + 5) - ((15 - 6) + -12).
12
Evaluate -7 - 3 - -20 - -13.
23
11 - (15 + -6 - 18)
20
What is (6 - (-9 + (10 - -10))) + 12?
7
Evaluate (-2 - -15) + (-13 - (-5 - -5)).
0
-35 - -40 - (-6 + 4)
7
What is -2 - (-13 + (-17 - -7 - -17))?
4
What is 21 + (-14 - -6) + (0 - 7)?
6
What is the value of 13 - (16 - (17 - 1))?
13
What is -19 + (13 - -12) - 14?
-8
What is the value of -99 - -95 - (2 + -1)?
-5
Calculate -3 - (1 + 1 + -8) - (-21 + 17).
7
What is -1 + 25 - (679 + -679)?
24
Calculate -3 - (29 - 9 - 44).
21
What is the value of -34 - ((3 - (26 + -13)) + -3)?
-21
Evaluate -8 + 0 - (319 - 352).
25
What is -16 + -15 + 31 + 2 + 8 + -2?
8
What is -4 - ((12 - 6) + -14)?
4
Calculate 42 - ((-54 - -15) + 57).
24
Evaluate -6 + (-12 - (3 - (18 + -11 - 4))).
-18
What is (-40 - (23 + -41)) + 22?
0
Calculate 24 - ((32 - 17) + (-4 - 2)).
15
What is 1 + -9 + (-25 - -11) + 55?
33
Evaluate 14 + -5 + -12 + 24.
21
Evaluate -2 + (0 - -4) - (120 - 141).
23
Calculate -5 + 2 + 9 + 1 + -8.
-1
Evaluate -33 + -1 + (-591 - -587) + 1 + 11.
-26
Calculate 2 + -9 + (9 - (-12 - -22)).
-8
Evaluate 2 - (-6 - (-3 - (15 + -4))).
-6
What is the value of -30 + (1 - ((0 - 2) + -10))?
-17
(0 - 12) + 119 + -109
-2
What is (8 - ((28 - 10) + -11 - 7)) + -4?
4
Evaluate (18 - (-19 - -44)) + 8.
1
What is (-16 - -5) + 5 - (3 + -2 + -1)?
-6
Calculate -12 + 2 + (5 - (-2 + -1 + 3)).
-5
4 + (-24 - -20 - -20)
20
Evaluate 0 + (-13 - -12 - 6) + 1 + 1.
-5
11 + -30 - -43 - 8
16
Calculate 2 + -8 + -2 - 5.
-13
What is 14 + -6 + -20 + 23 + -23?
-12
Calculate (-3 + 5 - 11) + -8 + (-1 - -4).
-14
Calculate 4 + -16 + 17 - 16.
-11
What is the value of -18 - (-26 - (-40 + 16))?
-16
4 + (2 + 6 - 0 - 5 - 17)
-10
What is the value of 7 + (-3 - (-7 + 5 + 3))?
3
Calculate -18 + 8 + -6 + 5 + -2.
-13
What is 11 - (13 - -19) - -11?
-10
Calculate 9 - 2 - (0 + 3 + 38 + -48).
14
What is the value of (1 - -4) + 6 + -12 + -11?
-12
(-13 - -12) + 11 - (0 + 6)
4
What is the value of -8 - (-10 + 4 + -8)?
6
-3 - (-16 + (-6 - (6 + -9 + -3)))
13
-5 + 12 + 3 + (-1 - 6)
3
12 + 1 + -6 - (-5 + 6 - -4)
2
Calculate (1 - -25 - 57) + 20.
-11
What is -6 + -4 - (-15 + 2 + 4)?
-1
Evaluate (-8 - (15 + -35)) + -16.
-4
Calculate -4 - 1 - (-3 + 2 + -15 + -3).
14
What is the value of 12 + (3 - 1) + 1 + 7?
22
Calculate -45 - (-44 + (1 - -19)).
-21
-61 + 10 + 22 + 38
9
18 - ((11 - 15) + 8)
14
What is the value of (16 - (16 + 32)) + 25?
-7
What is -26 + -10 + (29 - 6)?
-13
What is the value of 23 + -10 + (-16 - -3)?
0
Evaluate -4 + 2 - (9 - 13 - -4) - -9.
7
What is (-4 - -5) + ((-3 - 12) + 5 - 4)?
-13
16 - (-5 + 8 + -2 + 6 + -2)
11
What is -10 - (14 - 13 - ((-3 - -14) + -3))?
-3
Evaluate (8 - (39 + -8) - -5) + (-9 - -19).
-8
What is the value of 25 + -11 + -1 + -7?
6
-229 + 258 - (-5 - 1)
35
Calculate -5 + 23 + -8 - 1 - (-4 - -53).
-40
What is the value of -22 + (3 - (-21 - 17)) - (-11 - 0)?
30
Calculate (0 + 6 - 7) + (3 - 12) + 3.
-7
3 - (6 + (-20 - (-10 + -17)))
-10
What is the value of (-13 - -34) + -1 + -9?
11
Evaluate (-7 - (8 + (-7 - 12))) + 1.
5
(-2 - ((-4 - -2) + -5)) + -5 + -6
-6
What is the value of -7 + (26 - 7) - (4 - -3)?
5
(13 - (-7 - -11)) + -4 - (-1 + -2)
8
Evaluate (0 + (5 - 10) + -5 - 3) + 3.
-10
((16 - -1) + -6 - 11) + -11
-11
What is the value of 16 + -10 - 4 - (9 - 2)?
-5
Calculate (7 - (-1 + 1)) + (1 - -32 - 34).
6
Evaluate 9 - (-6 - (-15 + -9 + 1)).
-8
Calculate -16 - (4 + (-20 - 4)).
4
What is -11 + 16 + 5 - (-9 + 6)?
13
What is the value of 7 - -12 - (-1 + 20)?
0
What is the value of (-10 - -10) + 9 + -7?
2
What is 16 + (-23 - 1) + 0?
-8
3 - -22 - (202 + -212 - (-12 - -1))
24
Evaluate (-23 - -8) + (0 - (-4 + -8)).
-3
-5 - ((-23 - 47) + 34)
31
What is the value of 114 + (-13 - 106) - (-8 - (0 + -1))?
2
(193 - 190) + (-2 - ((-5 - -1) + -3))
8
Calculate 7 - (-6 - (-29 - -33)).
17
What is the value of (18 - 21) + (13 - (7 + -7 + 4))?
6
Evaluate 5 + (12 - 16 - -4) + -10.
-5
What is -64 + 63 + 1 + 8 + -22?
-14
-6 - (-18 + (17 + -8 - 1))
4
What is the value of (-10 - (2 + -9)) + 5 - 5?
-3
12 - (-5 + -2 + (17 - 5) - 0)
7
What is the value of -21 - -6 - 4 - -14?
-5
What is the value of 9 - (8 - 11 - 6 - 2)?
20
What is 9 + 22 + -71 + 54?
14
Evaluate 20 - (1 - -1 - (-16 + 1 + 12)).
15
Calculate (-7 - -4) + (7 - -3 - -3).
10
What is the value of (-1182 - -1187) + ((2 - 1) + -18 - -1)?
-11
What is the value of (10 + -8 - 13 - -17 - 1) + -18?
-13
What is 14 + (-12 + 13 - 11)?
4
What is the value of 19 - (-10 + 20 - -10)?
-1
(-3 - 8) + 8 + (1 - -6) - 7
-3
2 - 25 - (166 - 193)
4
What is the value of (2 - (-3 - (7 + -3))) + -6?
3
-6 - (-17 + -11 - -4)
18
What is 29 + -9 + (0 - 1) + 5 + 2?
26
-70 - (-33 - -1) - -38
0
Calculate 0 - -19 - (839 + -823).
3
Calculate -3 + ((7 - (-9 + 23)) + 1 - -7).
-2
Calculate (0 - -1 - 16) + (-1 - -6) - 2.
-12
What is 12 + -37 + 19 + 4 + -10?
-12
Evaluate 1 + -7 + (-1 - -20) + -27 + -21.
-35
(-23 - 8 - -39) + -19
-11
1 + 4 + -2 + (-21 - (3 + -9))
-12
What is the value of (10 + 4 - 6) + (-15 - 21)?
-28
What is (7 - (18 + -4 - 10)) + -7?
-4
Evaluate (5 + -3 - 2) + (-21 - 14 - -30).
-5
Calculate 10 + -6 + 5 + -8.
1
What is 137 - 121 - (2 + -1 + 7)?
8
What is the value of 16 + 18 + (1 - 16) - 1?
18
Calculate -437 + 425 - (-1 + 4).
-15
Evaluate 201 - 193 - (4 - -35 - 1 - 0).
-30
What is the value of 1 - (0 + 1 - (8 - (23 - 11)))?
-4
(8 - -8) + 6 + -8
14
Calculate (9 - (2 + -13 + -3)) + 5 + -7.
21
20 + (-11 - (22 - -6))
-19
Evaluate -14 + 9 - ((8 - 16) + -3).
6
Calculate (-24 - (-7 + 18)) + 18.
-17
Evaluate -5 + (8 - (6 - (-2 - (-4 - -1)))).
-2
What is (15 - (-17 - -12)) + -17?
3
What is -77 - -50 - (-4 + -4)?
-19
Calculate 4 + (6 - 18) - -8 - 21.
-21
(3 - (2 + -5 + 0)) + (20 - 30)
-4
-7 + (10 - -9 - 4) + -18
-10
What is -31 - -38 - (-4 + (18 - 2))?
-5
-34 - -13 - 4 - (-12 + 1)
-14
-18 - -19 - (26 - 9 - (5 - 3))
-14
What is the value of -112 + 25 + 68 + 0 + 1?
-18
Evaluate 5 + -14 + 0 - (-4 + -14).
9
What is 1 - 1 - -7 - (-237 + 259)?
-15
What is the value of -6 - (428 + -428 - (2 + 0 - 8))?
-12
Calculate -15 - ((6 - (12 - 5)) + -6).
-8
Evaluate (1 - 11) + (1838 - 1839).
-11
Evaluate 1 + 4 - (10 - (14 + 5 - 15)).
-1
-18 + (2 - -5) - (-37 - -31)
-5
4 + -6 + 8 + -1 + -30
-25
Evaluate 144 + -145 - (2 + (1 - -9)).
-13
What is the value of (7 + 0 - (-1 - -3)) + (-56 - -37)?
-14
-24 + (21 - 2 - -1 - 4)
-8
What is the value of -14 + 10 + 2 + -12?
-14
Evaluate -35 - 3 - (-514 - -478).
-2
Evaluate -5 + (-1 - (14